st common divisor of 10 and 28442?
2
What is the highest common factor of 169 and 1208519?
169
Calculate the greatest common divisor of 49358 and 459244.
2146
What is the highest common factor of 235 and 44979?
47
What is the highest common divisor of 1242 and 409482?
54
What is the highest common factor of 111450 and 7350?
150
Calculate the highest common factor of 3 and 220701.
3
What is the highest common divisor of 136 and 414528?
136
Calculate the greatest common divisor of 2475171 and 27.
27
Calculate the highest common factor of 63626 and 58.
58
Calculate the greatest common factor of 2490136 and 22.
22
What is the greatest common divisor of 6 and 43328?
2
What is the highest common factor of 130764 and 102?
102
What is the greatest common divisor of 1530 and 560970?
90
What is the highest common divisor of 2368 and 512?
64
Calculate the highest common divisor of 138 and 68517.
69
What is the highest common divisor of 4598 and 312246?
418
Calculate the greatest common divisor of 9808 and 121987.
613
Calculate the highest common factor of 509841 and 1863.
621
What is the greatest common factor of 366 and 774578?
122
What is the highest common factor of 861 and 2289?
21
Calculate the highest common divisor of 14781 and 897.
39
What is the highest common factor of 9726 and 2089469?
1621
What is the greatest common divisor of 33 and 12881?
11
Calculate the highest common factor of 903 and 12083.
43
What is the highest common divisor of 17381 and 1456?
91
Calculate the greatest common divisor of 2141775 and 45.
45
Calculate the highest common divisor of 17759 and 25606.
413
Calculate the greatest common divisor of 146445 and 195.
195
What is the greatest common divisor of 75888 and 306?
306
What is the highest common factor of 16623 and 261?
9
What is the greatest common divisor of 4704 and 9744?
336
What is the highest common divisor of 1701 and 3213?
189
Calculate the highest common factor of 9610 and 370.
10
Calculate the greatest common divisor of 180 and 418230.
90
What is the greatest common factor of 3071038 and 302?
302
Calculate the highest common factor of 284 and 4489614.
142
Calculate the greatest common divisor of 559290 and 927.
309
What is the highest common factor of 4 and 5842156?
4
What is the greatest common factor of 2903296 and 1408?
1408
What is the highest common divisor of 634068 and 285?
57
What is the highest common divisor of 106 and 88457?
53
What is the greatest common factor of 122 and 54?
2
What is the highest common divisor of 56058 and 9?
3
What is the greatest common divisor of 405 and 34155?
135
Calculate the greatest common factor of 34176 and 26522.
178
What is the highest common divisor of 2727907 and 868?
217
What is the greatest common divisor of 35187 and 629?
37
What is the highest common factor of 19133 and 149036?
1007
Calculate the highest common factor of 85707 and 27927.
963
Calculate the highest common divisor of 144 and 17118.
18
What is the greatest common divisor of 19145 and 245?
35
What is the greatest common divisor of 60 and 76290?
30
Calculate the greatest common factor of 166518 and 6786.
522
What is the highest common divisor of 691 and 202463?
691
What is the greatest common divisor of 4202 and 81748?
382
Calculate the highest common factor of 107175 and 225.
75
What is the greatest common factor of 26059 and 145024?
1133
What is the highest common divisor of 1037 and 1972?
17
Calculate the greatest common divisor of 6 and 19260.
6
What is the highest common factor of 30 and 235374?
6
What is the greatest common factor of 119394 and 486?
162
What is the greatest common divisor of 200 and 246900?
100
What is the greatest common divisor of 6351 and 7227?
219
What is the highest common factor of 791 and 1197?
7
Calculate the highest common divisor of 10 and 6305.
5
Calculate the highest common factor of 60 and 629500.
20
Calculate the greatest common factor of 33 and 37059.
33
Calculate the highest common divisor of 2813788 and 4.
4
What is the greatest common divisor of 242700 and 300?
300
Calculate the greatest common divisor of 32711 and 371.
7
Calculate the greatest common factor of 827380 and 820.
820
What is the highest common factor of 3595 and 175?
5
What is the greatest common factor of 37962 and 18?
18
Calculate the greatest common factor of 2118655 and 385.
385
Calculate the highest common divisor of 6004 and 790.
158
Calculate the greatest common divisor of 5820 and 590.
10
What is the greatest common factor of 100 and 330450?
50
Calculate the highest common divisor of 2730 and 2060877.
273
Calculate the greatest common factor of 483 and 5187.
21
Calculate the highest common factor of 2070 and 24150.
690
Calculate the highest common factor of 8190 and 15540.
210
What is the highest common divisor of 50 and 35394?
2
Calculate the greatest common factor of 737220 and 24.
12
What is the highest common factor of 232119 and 135?
27
Calculate the greatest common divisor of 56725 and 400.
25
What is the highest common divisor of 40020 and 45?
15
Calculate the greatest common divisor of 72 and 3594600.
72
What is the greatest common factor of 678 and 2934723?
339
Calculate the highest common factor of 305582 and 1.
1
Calculate the highest common factor of 204 and 1964.
4
Calculate the highest common factor of 16502 and 45938.
446
Calculate the highest common divisor of 38579 and 669.
223
What is the greatest common factor of 261103 and 17?
17
Calculate the highest common factor of 478541 and 822.
137
What is the greatest common divisor of 12 and 159336?
12
Calculate the greatest common factor of 54 and 955008.
18
Calculate the highest common factor of 11152 and 72.
8
Calculate the highest common divisor of 9259 and 394.
197
What is the highest common factor of 37088 and 192?
32
What is the greatest common factor of 136 and 275952?
8
Calculate the highest common factor of 856 and 535.
107
Calculate the greatest common factor of 60 and 51105.
15
What is the highest common factor of 935 and 65790?
85
What is the highest common divisor of 2682 and 102?
6
Calculate the greatest common divisor of 1021826 and 182.
26
What is the greatest common divisor of 4982 and 1739?
47
Calculate the highest common divisor of 66 and 1436622.
66
What is the highest common factor of 851 and 3415063?
851
What is the greatest common divisor of 128 and 4216?
8
What is the greatest common factor of 50024 and 325?
13
What is the greatest common divisor of 545859 and 27324?
621
Calculate the highest common divisor of 9691 and 110.
11
Calculate the highest common divisor of 16 and 484520.
8
Calculate the highest common divisor of 53 and 8851.
53
Calculate the highest common divisor of 32 and 17839616.
32
Calculate the highest common divisor of 222296 and 8261.
751
What is the greatest common divisor of 177799 and 319?
29
Calculate the greatest common factor of 30 and 973524.
6
Calculate the greatest common factor of 5833 and 1843.
19
What is the highest common divisor of 589264 and 208?
208
What is the highest common divisor of 1554 and 1722?
42
What is the greatest common divisor of 87633 and 1498?
749
What is the greatest common divisor of 36858 and 114?
6
What is the greatest common factor of 264 and 286264?
88
What is the greatest common factor of 85 and 4985?
5
Calculate the highest common divisor of 70 and 80206.
14
Calculate the greatest common factor of 36 and 655074.
18
What is the highest common divisor of 2712 and 138?
6
Calculate the highest common factor of 78 and 1758159.
39
What is the greatest common divisor of 267525 and 3625?
725
What is the greatest common factor of 1305 and 32915?
145
What is the greatest common factor of 58563 and 6804?
243
Calculate the highest common factor of 15484 and 19012.
196
Calculate the greatest common factor of 6686 and 6.
2
Calculate the highest common factor of 174892 and 184.
92
What is the highest common divisor of 3240 and 657?
9
Calculate the highest common divisor of 15740 and 100.
20
What is the highest common divisor of 17940 and 184?
92
Calculate the highest common factor of 33 and 1995.
3
What is the highest common divisor of 1728 and 27?
27
What is the highest common factor of 17 and 824279?
17
What is the greatest common factor of 3397 and 43?
43